*2 + 20*i - 32. Let b be o(z). What are the prime factors of (-4)/34 + (-2199)/b?
43
Let n(t) = -2*t**3 - 73*t**2 - 8*t + 92. Let m(r) = -3*r**3 - 109*r**2 - 12*r + 137. Let v(s) = -5*m(s) + 8*n(s). What are the prime factors of v(-39)?
3, 23
Suppose -3*q - 898 = 5*w, 4*w + q = 3*w - 180. What are the prime factors of 3 - w*(-3)/(-3)?
2, 7, 13
Suppose 42 = -105*c + 111*c. Let g(m) = 2*m**3 - 9*m**2 + 24*m + 3. List the prime factors of g(c).
2, 13
Let x(d) = -17954*d + 958. What are the prime factors of x(-1)?
2, 3, 197
Suppose -93*x + 5200457 - 1037033 = 0. List the prime factors of x.
2, 1399
Let j(p) = -19*p**3 + p**2 + 3*p + 1. Let c be j(-1). Let y be (3/c*-2)/((-3)/549). Suppose -h + 4*r = 5*r - y, 3*h = r + 183. What are the prime factors of h?
61
List the prime factors of ((-219843)/26 + 0)/(2/(-8)).
2, 3, 1879
Let p(w) = -31*w**3 - 2*w**2 + 3*w + 1. Suppose -5*h - 38 + 23 = 0. List the prime factors of p(h).
811
Let q(j) = 2*j**2 - 5*j - 12. Let w be q(4). Suppose 0 = -2*n - 17*h + 12*h + 366, 3*h = w. List the prime factors of n.
3, 61
Suppose t + 5*a + 29 = 2*t, -2*t - 4*a + 2 = 0. Let c(h) = -h**3 + 17*h**2 - 4*h + 21. List the prime factors of c(t).
3, 211
Suppose -4*o + 10 = m, -3*m = o + 1 + 2. What are the prime factors of 0 + 1074 + -5 + m?
11, 97
Suppose -2*t - 18 + 26 = 0. Let z be -1 - t/((-16)/52). Let b = z + 181. What are the prime factors of b?
193
Let u(j) = -j**3 - 2*j**2 - 1. Let z(t) = -3*t**3 + 17*t**2 + 27*t + 34. Let i(c) = 4*u(c) - z(c). What are the prime factors of i(-25)?
7, 13
Let h(n) = -84*n + 77. What are the prime factors of h(-5)?
7, 71
Let z(h) = 2*h**3 + 107 - 10*h**2 - 210 - 3*h + 115 - 2*h. List the prime factors of z(6).
2, 3
Let g(t) = 37*t**2 - 15*t + 16. Let f be g(8). List the prime factors of (-69)/(-46)*(f/3 - 2).
1129
Let y(h) = h**2 + 9*h - 14. Let t be y(5). Suppose -22 = -3*g + 20. Suppose 98 = g*m - t. What are the prime factors of m?
11
Let w be 1/2*23/((-115)/(-2010)). Let l = 517 - w. List the prime factors of l.
2, 79
Suppose -55760 = 2*s - 6*s - z, 3*s - z - 41827 = 0. What are the prime factors of s?
3, 1549
Let x(g) = -g**3 - 8*g**2 + 10*g + 37. Let y be x(-16). Suppose 59*b + y = 64*b. What are the prime factors of b?
5, 7, 11
Let k be (-4)/(-12)*(-11 + 8). Suppose 3*a + 5*n + 14 = 0, -3*a + n = 2*n - 2. List the prime factors of (a/k)/(12/(-48)).
2
What are the prime factors of (-1807)/(-26)*((-540)/(-5) - 2)?
53, 139
Let c(s) = -s**2 - 2*s + 19. Let f be c(-5). Suppose z - 18 = -3*l + 3*z, -3*l + f*z = -18. What are the prime factors of l?
2, 3
Let p(m) = -m + 8. Let z be (-3)/(-12) - 152/(-32). Let t be p(z). What are the prime factors of (-280)/21*(t + -6)?
2, 5
Let y(c) = c**3 + 6*c**2 + 4*c - 25. Let b be y(-8). Let r(f) = 19*f - 5. Let k be r(-5). Let s = k - b. List the prime factors of s.
5, 17
Suppose 5*r - 4*s - 247 = 0, 3*s = 2*s - 3. Suppose -r*i + 41*i = -672. List the prime factors of i.
2, 7
Suppose -4*y - 568 = 3*w + 94, -4*y = 2*w + 664. Let d be (0 - 11*-34) + (4 - 9). Let u = d + y. What are the prime factors of u?
2, 101
Let r be (13 - (10 - -1837))*2/(-4). Let g = -100 + r. What are the prime factors of g?
19, 43
What are the prime factors of (39498 - (33 + -11)) + -3?
7, 5639
Let p = -61 + -15. Suppose 4*o = 162 + 386. Let x = p + o. What are the prime factors of x?
61
Let u = 2 + 0. Suppose -3*l = d + 10, 0 = 4*l + 2*d + 7 + 5. List the prime factors of u*(-171)/l - (-15)/10.
3, 29
Let t(m) = 2*m**3 + 13*m**2 + 6*m + 4. Let y be t(-6). Suppose -3*w + 88 = 2*k, k + y*k = 4*w + 243. Let x = k + 115. List the prime factors of x.
2, 3
Let w(k) = -k**2 - 38. Let j be w(0). Let t = j - -46. What are the prime factors of ((-18)/30)/((t/(-170))/4)?
3, 17
Let x(p) = -8*p**2 - 2*p**3 + 4 + 0*p - 2*p + 15*p + p**3. Let u be x(-8). What are the prime factors of 40*(-5)/(u/55)?
2, 5, 11
Let m be 7/(315/10) - 1127/9. Let b = 68 + m. Let i = b + 162. List the prime factors of i.
3, 5, 7
Suppose 15*x - 25991 - 25069 = 0. What are the prime factors of x?
2, 23, 37
Suppose 4*z + 4*y - 65580 = 0, 26*z - 9*y = -5*y + 426330. List the prime factors of z.
19, 863
Let c(s) = -s - 4. Let o be c(1). What are the prime factors of (o/(-4))/(13/(-52)) + 203?
2, 3, 11
Let j(q) = 54*q**3 - 5*q**2 + 2*q + 6. Let o be j(2). Let v = o - 73. List the prime factors of v.
349
Suppose -2*q = -4*f + 92, 3*f - 41 = -4*q + 28. Suppose -f*b = 5*b - 2632. List the prime factors of b.
2, 47
Let m = 6 + 2. Let i(z) = -7 + m + 1 + 15*z. List the prime factors of i(20).
2, 151
Let l(v) = 2365*v**2 - 3*v + 2. Let q be l(1). Suppose q = 12*t - 12468. What are the prime factors of t?
2, 3, 103
Let b(n) = 3853*n - 329. List the prime factors of b(2).
3, 2459
Let t = -2593 - -2597. List the prime factors of t.
2
Suppose 93*d = 80*d - 13. List the prime factors of -3 - -3*(548 - d).
2, 3, 137
Suppose -2*l + 24*l - 18876 = 0. Suppose -2*x + 5*w = x - l, 3*w - 1115 = -4*x. List the prime factors of x.
281
Suppose 5*a + 4*k = 69627, 6*a + 41760 = 9*a - 3*k. What are the prime factors of a?
3, 7, 13, 17
Let u(q) = 551*q**2 - 27*q + 12. List the prime factors of u(6).
2, 3, 17, 193
List the prime factors of (-8 + 7)/((-4)/((-1199304)/(-6))).
3, 16657
Let u be (-30)/(-18) + (-28)/(-12). Suppose u*v - 25 = -5. Suppose -3*l = -v*g - 2*l + 143, 0 = -3*g + 3*l + 81. What are the prime factors of g?
29
Let n(m) = -m**2 + 2*m. Let t be n(1). Let y be (-9)/3*(-15 + t). List the prime factors of y + (-1)/1 + 2.
43
Suppose 8*t = 22*t + 355863 - 1412429. List the prime factors of t.
163, 463
Suppose 0 = 11*g - 6*g + q - 115, 0 = g - 2*q - 12. Suppose -29*u = -g*u - 2709. List the prime factors of u.
3, 43
Let i(j) be the second derivative of j**5/20 - 3*j**4/4 - j**3/3 + 3*j**2 - 9*j. Let f be i(9). List the prime factors of (-3)/f + 1729/28.
2, 31
Let v = -6085 + 13140. List the prime factors of v.
5, 17, 83
Let n(s) = -s**2 + 81*s + 1245. List the prime factors of n(-12).
3, 43
Let p(d) = d**2 + 41*d + 565. List the prime factors of p(-61).
3, 5, 7, 17
Suppose -4*b - 48 = -68. Suppose 0 = 5*l - c - 33 - 12, -5*c = -b*l + 65. Suppose 2093 = l*w + 5*w. What are the prime factors of w?
7, 23
Let n(x) = -22*x + 2. Let m(j) be the first derivative of j**4/4 - 11*j**3/3 + 4*j**2 + 12*j + 26. Let b be m(10). What are the prime factors of n(b)?
2, 89
Let f(n) be the third derivative of 0 - 7*n**2 + 0*n + 7/6*n**3 - 11/24*n**4. List the prime factors of f(-8).
5, 19
Suppose -3*d - 95 = -5*u, -47 = -0*u - u - 5*d. Suppose u + 310 = 2*o + 5*j, 2*o + 2*j = 320. List the prime factors of o.
2, 3, 13
Suppose -3*n - 441 = 3*k, 0*k - 4*k = 0. Let t = 188 - n. List the prime factors of t.
5, 67
Let d(n) = n**2 - 3*n - 2. Let b be d(4). Let o be (0 - 51)/((-1988)/1000 + b). List the prime factors of (24/(-66))/2 + o/(-22).
193
Suppose -5*z = 34*z. Suppose z = -5*a + 142 + 308. What are the prime factors of a?
2, 3, 5
Suppose -l - l - 40 = 0. Let s be 48*2/l*-5. Suppose 25*v - 68 = s*v. What are the prime factors of v?
2, 17
Let t = 82 + -98. Let h(q) = 2*q**2 - 11. What are the prime factors of h(t)?
3, 167
Let t(q) = -2*q + 6. Let j be t(10). Let d(y) = -3*y**3 - 4*y**2 + 4*y - 7. Let v be d(-4). What are the prime factors of (270/v)/((-3)/j)?
2, 3
Suppose -n = -3*f + 23286, -16*f + 38746 = -11*f + 9*n. List the prime factors of f.
2, 5, 97
Let c = 14781 + -9963. List the prime factors of c.
2, 3, 11, 73
Let u = 12781 + 251. List the prime factors of u.
2, 3, 181
Let n = -15 - -18. Let v(p) = -p**3 + 6*p**2 + p - 4. Let c be v(n). Suppose 2 = 2*u - c. List the prime factors of u.
2, 7
Suppose -35*q + 38*q = 3180. Let x = q + -643. List the prime factors of x.
3, 139
Suppose -2*j = -2*p - 354, 9*j - 153 = 8*j - 5*p. Suppose -2*u = -w - 1035 - j, 4*u = -w + 2410. List the prime factors of u.
3, 67
Suppose r - 1068 + 1072 = 0. Let j(u) be the third derivative of -17*u**4/24 - 11*u**3/6 + u**2. List the prime factors of j(r).
3, 19
Let m(w) = w + 16. Let q be m(4). Let k = q + -21. What are the prime factors of -5 + (-6)/k + 183?
2, 23
Let f(y) = -15*y + 8. Let l be f(5). Let u = l + 115. List the prime factors of u.
2, 3
Let i be (-12)/(-24) - 50/(-4). Let c be (90 - -4)*((-9)/(-2))/3. Suppose -5*f = -l - c, -f - l + 14 = -i. What are 